 what is b1b8 + -31e?
ae9a
In base 14, what is -6a2 - -37d0?
312c
In base 9, what is 408842818 - -4?
408842823
In base 9, what is -505 + -50358?
-50864
In base 11, what is 2 + a15513?
a15515
In base 15, what is -1 + -1dc5d5b?
-1dc5d5c
In base 2, what is 10010101011011 - -1010011?
10010110101110
In base 13, what is 1 + 239b61a1?
239b61a2
In base 13, what is -31886 - -38a?
-314c9
In base 8, what is -1 + -1216735?
-1216736
In base 13, what is 4 + -656414?
-656410
In base 16, what is -30435 - 3?
-30438
In base 11, what is -60a517 + 923?
-6096a4
In base 6, what is -5 - 3201005551?
-3201010000
In base 13, what is 1bb8 - -a06?
28c1
In base 5, what is 1 - -21123121411?
21123121412
In base 3, what is -10 - 2112202201121010?
-2112202201121020
In base 5, what is -121 + -3202003?
-3202124
In base 11, what is 987 + 53406?
54292
In base 10, what is 263724 + 6?
263730
In base 3, what is -21222001121 - -1222220?
-21220001201
In base 11, what is 51917105 - 4?
51917101
In base 9, what is -2 + 70745463?
70745461
In base 2, what is 11001000 + 110110010010000001010?
110110010010011010010
In base 2, what is 110001001111 + -101111000000?
10001111
In base 3, what is -202010221120222100 - 1?
-202010221120222101
In base 11, what is -26 - -162486?
162460
In base 4, what is 1003 - 3031011210?
-3031010201
In base 12, what is 36071 + 96?
36147
In base 16, what is 791 + 138a?
1b1b
In base 3, what is -200011010 - -20001?
-122221002
In base 3, what is 11020101010210 - 120?
11020101010020
In base 7, what is 2 + -40553262?
-40553260
In base 16, what is 0 + -1a480ea?
-1a480ea
In base 7, what is -25145 - 40064?
-65242
In base 11, what is 286277 - 2?
286275
In base 8, what is 220 - 5465?
-5245
In base 4, what is -13101113 + -203?
-13101322
In base 16, what is 3 - -98704?
98707
In base 4, what is -220212112231 - 3?
-220212112300
In base 6, what is -1501303 - 22451?
-1524154
In base 5, what is -30221300230 + 3?
-30221300222
In base 16, what is -975268c + -2?
-975268e
In base 9, what is 6 + -85277802?
-85277785
In base 12, what is 12196 + 86?
12260
In base 4, what is 3 + -323212230222?
-323212230213
In base 10, what is 0 - 250400130?
-250400130
In base 13, what is 3 - -13420874?
13420877
In base 10, what is 2458506 + 26?
2458532
In base 7, what is -311022150 - 11?
-311022161
In base 16, what is 0 - 1df4442?
-1df4442
In base 14, what is 4b0935 + -d?
4b0926
In base 13, what is 282449 + -3a?
28240c
In base 13, what is 72894 - -9?
728a0
In base 16, what is 3360952 - -5?
3360957
In base 9, what is 18 + 3464370?
3464388
In base 15, what is 0 - -cd48dba?
cd48dba
In base 5, what is 2341240340 - 4?
2341240331
In base 4, what is 110202 + 11212232?
11323100
In base 15, what is a23bd3 - -21?
a23c04
In base 9, what is -6374031 - 16?
-6374047
In base 8, what is 303 - 1620?
-1315
In base 5, what is 103123211141 - -2?
103123211143
In base 7, what is -30355543 + 6?
-30355534
In base 15, what is 497b3a7 + 12?
497b3b9
In base 4, what is -101 + -30111022?
-30111123
In base 2, what is -111111000111110 - -11100011?
-111110101011011
In base 2, what is 10010111000011001 - -1011000110?
10011000011011111
In base 7, what is -4312 - -553?
-3426
In base 15, what is -2eca1bb - -2?
-2eca1b9
In base 4, what is 100 - 31030102?
-31030002
In base 6, what is -330413 - -352?
-330021
In base 16, what is -294b - 666?
-2fb1
In base 15, what is 1 + 4bb99b2?
4bb99b3
In base 5, what is 3 - 22102212321?
-22102212313
In base 9, what is 25 + 16002?
16027
In base 7, what is 204605652 + -2?
204605650
In base 4, what is -103020123131 - 30?
-103020123221
In base 14, what is -10081 - -16c?
-dd13
In base 2, what is 101 - -1111101110010110010001111?
1111101110010110010010100
In base 16, what is -1e + -43f9ad?
-43f9cb
In base 15, what is -3966d27 + 4?
-3966d23
In base 3, what is 11222112 + 1210002220?
1222002102
In base 16, what is 1f33 + 69a?
25cd
In base 15, what is -169 - -8289?
8120
In base 9, what is -31 - 384758?
-384800
In base 15, what is -4 + -3198b4?
-3198b8
In base 10, what is -19345 + 72329?
52984
In base 9, what is 3 - -3861585?
3861588
In base 4, what is -2132300103 + 3?
-2132300100
In base 9, what is 65754 - 225?
65528
In base 13, what is 1 + -40b7c86c?
-40b7c86b
In base 3, what is 2002001011220011 - -11?
2002001011220022
In base 4, what is 2 - 11232220212310?
-11232220212302
In base 8, what is -1 + 22536753?
22536752
In base 12, what is 3 + -10187455?
-10187452
In base 8, what is 202141450 - -4?
202141454
In base 14, what is -c + -1002d63?
-1002d71
In base 13, what is 783228 + -9?
78321c
In base 4, what is -3021300 + -2230023?
-11311323
In base 12, what is -2935743 + 1b?
-2935724
In base 3, what is 2200102 + -1120022121?
-1110122012
In base 12, what is -26889 + -b89?
-27856
In base 5, what is -33203 - -111243?
23040
In base 9, what is -1 - 10835566?
-10835567
In base 2, what is 1010011100101011111011 - -110?
1010011100101100000001
In base 6, what is -351223512 + -2?
-351223514
In base 5, what is 3304 + 443333?
1002142
In base 8, what is -52566 + -600?
-53366
In base 2, what is -110001011 - -11110100100010111?
11110011110001100
In base 5, what is -23424321 - -13?
-23424303
In base 5, what is -11 + -2110121034?
-2110121100
In base 11, what is -a709844 + 45?
-a7097aa
In base 9, what is 1 - -1816786?
1816787
In base 11, what is -71585 + 2a?
-71556
In base 15, what is 3e + -2669bd?
-26697e
In base 14, what is 621 - -246?
867
In base 2, what is 11110001 + 10010111110010110?
10011000010000111
In base 7, what is 2062223014 + 1?
2062223015
In base 6, what is -3 + 3331410?
3331403
In base 4, what is -13131 + 30100122?
30020331
In base 16, what is -555 - -21e4e?
218f9
In base 15, what is -3 + ab46a2?
ab469e
In base 14, what is -485 - -193c?
1497
In base 12, what is 1b3 + ab579?
ab770
In base 16, what is -42 - f1659?
-f169b
In base 12, what is -9498861 - 5?
-9498866
In base 13, what is -49 + 76699?
76650
In base 14, what is -4 + -54d0935?
-54d0939
In base 9, what is 73 - -3820?
4003
In base 15, what is 21047 - -26?
2106d
In base 4, what is -11020 - -21111000100?
21110323020
In base 9, what is 148207 - 2406?
145701
In base 2, what is 10000100101000101011100 - -101001?
10000100101000110000101
In base 11, what is -55 + 2857229?
2857184
In base 2, what is 10010100010000 + -1110100110?
10000101101010
In base 12, what is -3ab0 - -82a?
-3282
In base 4, what is 11023121 + 310?
11030031
In base 10, what is -21712112 - 2?
-21712114
In base 2, what is -1011010001100111000110011110 - 1?
-1011010001100111000110011111
In base 12, what is 732 - 4284?
-3752
In base 5, what is -223230242 + 244?
-223224443
In base 3, what is 100210211 + -21001212122?
-20201001211
In base 13, what is -7756c5b + -4?
-7756c62
In base 10, what is 3 + -43575446?
-43575443
In base 2, what is -10010101 - -1010000110111?
1001110100010
In base 9, what is 2750040 + -18?
2750021
In base 6, what is -220144 + -10103?
-230251
In base 7, what is -126132415 + -16?
-126132434
In base 5, what is -1 + 30432040113?
30432040112
In base 14, what is 5305 + 1d5?
54da
In base 5, what is 0 - 13414221?
-13414221
In base 11, what is -801 + -18044?
-18845
In base 12, what is -9708 - 863?
-a36b
In base 13, what is -2c2325 + 12?
-2c2313
In base 12, what is -7 - 21416157?
-21416162
In base 12, what is 88a3a2 + -6a?
88a334
In base 8, what is -7 + -31110?
-31117
In base 2, what is 101 - -1000110000010001011011?
1000110000010001100000
In base 9, what is -2 + 162767404?
162767402
In base 7, what is 22105220 - 2?
22105215
In base 5, what is 1003342 - 131440?
321402
In base 8, what is 7132 - -1201523?
1210655
In base 3, what is -111102 + -200001121200?
-200002010002
In base 4, what is 22220030 + -1230023?
20330001
In base 6, what is -1040203 + -210?
-1040413
In base 5, what is -113131200244 - 2?
-113131200301
In base 12, what is 7a3 - 83ba5?
-83402
In base 12, what is -13a - 26736?
-26874
In base 3, what is 111011120012 - 120?
111011112122
In base 16, what is -8 - 55bcc5?
-55bccd
In base 7, what is -4534225 + -3?
-4534231
In base 14, what is -14543a + 124?
-145316
In base 16, what is -49 - 9100?
-9149
In base 13, what is a802 - -480b?
12310
In base 11, what is 2293 + -454?
193a
In base 2, what is -1011000101 + -10000111110100010?
-10001001001100111
In base 16, what is 68821c + 0?
68821c
In base 14, 